Suppose -5*z = 4*o - 31, -5*o + 10 + 25 = 5*z. Calculate the greatest common divisor of j and z.
3
Suppose -5*k = -4*l + 2420, -2*l - k - 1204 = -4*l. What is the highest common factor of 48 and l?
24
Let p(s) = -s**2 - 23*s - 11. Let d be p(-11). Let r be -3 + (-26)/(-5 + 3). Let h = 1 + r. Calculate the greatest common factor of d and h.
11
Let f(b) = -3*b**2 - b**2 + b + 0*b**2 - 9 + 5*b**2. Let u be f(8). Calculate the greatest common factor of u and 21.
21
Suppose 3*b - 3*s = 15, -2*s - 4 = -b - 2. Suppose 0*n - n + 3 = 0. Suppose w - 2*h = 56, h = -n*h. What is the highest common divisor of b and w?
8
Suppose 281 = 16*f - 103. What is the greatest common divisor of f and 1272?
24
Suppose 39 = 2*s + 29. Suppose 71 = 4*d - 3*l, -5*d = -4*d + s*l - 12. What is the greatest common divisor of 170 and d?
17
Suppose -3 = 3*k - 0. Let p be 4/(k/3 - -1). Let f(x) = -4*x. Let j be f(-1). Calculate the highest common factor of j and p.
2
Suppose -28*n = -3*n - 17600. What is the highest common factor of 11 and n?
11
Let r = -1 + 3. Suppose 122*f - 135*f = -286. Calculate the greatest common factor of r and f.
2
Let q be -4 - (4 - 48/4). Let x be 5/(-4)*(-8 - q). What is the greatest common divisor of 75 and x?
15
Let t be 6/(-24) - 846/(-24). Calculate the highest common factor of t and 5.
5
Suppose 103 = 3*m - 4*b - 38, -4*b = -m + 47. Suppose 0 = -j - 0*d - 5*d + m, d = -4*j + 131. What is the highest common divisor of j and 288?
32
Let t be 143 + (1 - (2 + -5)). Let p = 284 + -263. Calculate the highest common divisor of t and p.
21
Suppose 6 = -i + 4*i. Suppose -6*f + 11 + 1 = 0. Suppose -i - 6 = -f*q. Calculate the highest common factor of q and 16.
4
Let a be -12 - -9 - (-106 - 0). Suppose 0 = -4*z - 2*h - 9 + a, z - 11 = -3*h. Calculate the highest common divisor of z and 169.
13
Let b = 90 - 64. Let s be (1/2)/(-2 - 314/(-156)). Calculate the greatest common divisor of s and b.
13
Let h(q) = 11*q**2 - 54*q + 5. Let y be h(6). What is the highest common factor of y and 143?
11
Suppose -4*k + 420 = 5*v, 4*k - 2*k - 224 = v. Calculate the greatest common divisor of 286 and k.
22
Suppose -1047*x = -1052*x + 55. Suppose -1 = 3*n + 2*v, n - v = 4*v + 11. What is the greatest common factor of x and n?
1
Let m be -2*(-6)/12 - -519. Calculate the greatest common factor of 312 and m.
104
Let z(a) = -a**2 - 7*a + 6. Let y = 3 + -9. Let m be z(y). Suppose 14*x - 21 - 91 = 0. Calculate the greatest common factor of m and x.
4
Let w be (192/30)/(4/10). Suppose 0 = -3*n + 10 - 4, -3*n = 4*h - 518. What is the highest common factor of w and h?
16
Let n(t) = t**2 + 2*t + 3. Let m be n(-4). Let z(y) = 5*y**2 - 158*y - 220. Let b be z(33). Calculate the greatest common factor of m and b.
11
Suppose -3*m - 3 = 0, -6*c - 53 = -9*c + 5*m. Let b(l) = -14*l - 2. Let k be b(-3). Calculate the greatest common factor of k and c.
8
Let y(k) = 4*k - 26. Let h be y(-12). Let i = 94 - h. What is the highest common divisor of i and 21?
21
Let f be 0 - 4*(-3)/(-12) - -75. Suppose 41 = 3*g - 2*w, 4*g + 2*w + 24 = f. Calculate the greatest common factor of g and 1.
1
Suppose 11*t - 10*t - 45 = 0. Let y = 94 - t. Suppose -4*n - 10 + 54 = 4*b, -4*n = b - 23. Calculate the greatest common divisor of b and y.
7
Suppose 197 = 9*q - 109. Suppose -2*w - 18 - q = -4*o, -44 = -4*o - 2*w. What is the highest common divisor of 96 and o?
12
Let j = 334 - 331. What is the greatest common divisor of j and 3?
3
Let s(y) = y + 10. Let j be s(-6). Let g = 58 + -42. What is the highest common factor of j and g?
4
Let s(k) = k**3 - 3*k**2 + 7*k - 6. Let y be s(3). Calculate the greatest common factor of y and 24.
3
Let o(p) = -2*p - 12. Let x be o(-6). Let m be x + (2 - 2) - -7. Calculate the greatest common factor of m and 112.
7
Let g = 991 + -895. What is the highest common factor of 6 and g?
6
Let o be 2 + (6 + -4)/2. Suppose o*g + 240 = 6*g. What is the highest common factor of 30 and g?
10
Suppose -14*l = 227 - 871. Calculate the greatest common factor of 2 and l.
2
Suppose -k - 4*m - 8 = 0, k = 2*k - 5*m - 37. Let i be (-1 - k/9)*6. Let l(c) = c + 20. Let p be l(i). Calculate the highest common divisor of p and 18.
6
Let b = -264 + 309. What is the highest common factor of 45 and b?
45
Let i(r) = 56*r - 486. Let b be i(9). What is the greatest common divisor of 1278 and b?
18
Let f(r) = r**2 + 28*r + 94. Let i be f(-33). What is the highest common divisor of i and 14?
7
Suppose -22*b = 22*b - 31*b - 156. Suppose 0*i + 54 = 3*i. Calculate the greatest common factor of i and b.
6
Suppose 4 = -z + 10. Let b be 64/z - (-3)/9. Calculate the greatest common divisor of b and 11.
11
Let o be 0 + (276 - -1) + -4. Let h be 3 + (-1)/3*-141. Suppose -170 = -5*y + 5*a, -23 = -2*y + a + h. Calculate the greatest common factor of y and o.
39
Let k be (12/(-8))/((-1)/2). Suppose -3*z + 4*q = 4 - 0, k = 3*q. Let x = z - -16. Calculate the greatest common factor of 2 and x.
2
Suppose -5*g - 30 = -11*g. Suppose -k = -4*c + 21, -2*c + 0*k + g*k = 3. Let p be 1/(1/(-8)*-2). Calculate the greatest common factor of c and p.
2
Let z = 6 - 26. Let d = 75 - z. What is the greatest common divisor of d and 19?
19
Let t be ((-7 - -2) + 12)/(1/8). Suppose 0 = 5*q - 4*m - 48, 2*q + 2*m = 13 - 1. Calculate the highest common factor of q and t.
8
Suppose -i + 22 = -4*y + 1, -2*y - 33 = -5*i. Suppose 0 = -5*m - 86 + 261. Calculate the highest common divisor of i and m.
5
Let m be (-2)/(36/(-567))*10. What is the highest common factor of 63 and m?
63
Let j = -93 + 34. Let m = -32 - j. What is the greatest common factor of m and 108?
27
Let m be (-7)/(-3) - (3 - (-44)/(-12)). Let b(v) = 7*v**3 - 4*v**2 + v - 3. Let f be b(m). What is the greatest common factor of f and 9?
9
Suppose 23 = 5*m - 82. Calculate the greatest common factor of m and 63.
21
Let y(f) = -f + 3. Let o be y(2). Suppose -7 = -2*n - o. Suppose -5*m + 2 = -3*w - m, 2*w - 27 = -n*m. Calculate the greatest common factor of w and 54.
6
Let m(x) = 2*x**2 + 4. Let p be m(-4). Suppose v + 2*v + p = 0. Let l = v - -14. What is the greatest common divisor of l and 1?
1
Let w = -250 - -520. What is the greatest common divisor of 40 and w?
10
Suppose 0 = -4*f - 14 + 22. Let q be 6/(f/(-6)*-1). Suppose 0 = 5*d - 2*l - 40, d - 5*l = -4*l + 11. What is the greatest common divisor of q and d?
6
Suppose 0 = -0*w - 2*w + 240. What is the greatest common factor of 20 and w?
20
Let i(l) = 36*l + 1005. Let f be i(-27). What is the greatest common divisor of f and 88?
11
Let l be (9775/34)/((-4)/(-8)). Calculate the highest common divisor of l and 75.
25
Let u be -1 + -3 - (-4 + 4). Let l be u/(-70)*5 + (-498)/(-21). What is the greatest common factor of 8 and l?
8
Let k(u) = -u - 7. Let j be k(-3). Let s be (-11)/j*3/((-3)/(-4)). Calculate the highest common divisor of 55 and s.
11
Let t = 200 - 130. What is the greatest common divisor of t and 42?
14
Let n be (-4)/(-22) + 1304/88. Let r(k) = 165*k**3 - 2*k**2 + 2*k. Let q be r(1). Calculate the greatest common factor of q and n.
15
Suppose -29*c + 26*c + 435 = 0. What is the greatest common factor of 5 and c?
5
Let g be (-156)/78 + 1267/1. Calculate the highest common factor of 23 and g.
23
Suppose 0 = 2*z + 3*t - 14 + 1, z + 3*t - 8 = 0. Let f = z + -19. Let j be (-166)/f + 3/21. What is the greatest common divisor of 30 and j?
6
Let i = -6 - -6. Suppose -4*o = -i*o - 208. Suppose -3*w + 11 = -28. Calculate the highest common divisor of o and w.
13
Suppose 189 = s - 2*o, 0 = -s - 4*o + 199 + 8. Suppose -4*t + m = -s, -t + 130 = 2*t - 4*m. Let d = 86 + -11. Calculate the highest common divisor of t and d.
25
Let d(h) = h**2 - 13*h + 31. Let l be d(10). Let f(b) = 83*b + 5. Let i be f(l). Calculate the highest common factor of i and 22.
22
Let s = 18 - 9. Let z = 20 - s. Suppose 2*c + 2*u = 16, -3*u - z - 10 = -2*c. Calculate the greatest common factor of 6 and c.
3
Let m be (70 - 66) + (0 - 2/1). Suppose -17 = -2*t - 3*h, 4*t - 4*h - 4 = -0*h. Let r be (-1)/((-2)/(t/2)). Calculate the highest common factor of r and m.
1
Let c = 7 - 10. Let u(y) = -y**3 - 2*y**2 - 12*y - 3 - 7*y + 19*y. Let x be u(c). Calculate the greatest common divisor of x and 54.
6
Let b = -2 + 10. Suppose 4 = 2*c - 6*c. Let n be c/3 + (-37)/(-3)